((-2)/(-40)). Let f = -142 + o. What is the greatest common divisor of f and 32?
32
Let l = -34976 + 35248. What is the greatest common factor of 2482 and l?
34
Suppose -7*o + 5*o - 2 = -2*m, -4*m = -3*o - 6. Suppose -5*l + 4*i + 600 = 0, -l + 4*i = o*l - 360. Calculate the greatest common divisor of l and 168.
24
Suppose -393 = 8*z - 2329. Suppose -25*j + 3542 - z = 0. Calculate the highest common divisor of j and 8.
4
Let t be (131 + -175)*(0 - 56). Calculate the greatest common divisor of t and 132.
44
Suppose 5*f + 5*p = p + 3555, 5*f = p + 3580. Let b = 40 - 26. Suppose g + f = b*g. Calculate the greatest common divisor of 22 and g.
11
Let g = 31 - 52. Let y(m) = 229 + 22*m - 113 - 114 + 16*m + 2*m**2. Let u be y(g). Calculate the greatest common divisor of 43 and u.
43
Let d(b) = -291*b - 1323. Let u be d(-5). Suppose 5*s - 220 = -0*s. Calculate the greatest common factor of u and s.
44
Suppose -7 = -38*g + 601. Suppose -2*b - s + 41 = -13, 120 = 5*b - 5*s. Suppose -16 = 4*n, 4*n = -y + 6*y - b. Calculate the greatest common divisor of g and y.
2
Suppose -4*b = 3*o + 16, -o + 5*b + 20 = -5*o. Suppose o = -321*v + 322*v - 13. Calculate the greatest common factor of v and 689.
13
Suppose 0 = -654*x + 660*x - 1890. Let b = 2 + 33. What is the greatest common factor of x and b?
35
Let n be (-28782)/(-65) + ((-32)/(-10))/(-4). Suppose 4*d - n - 422 = 0. Let p be (-53)/(-2) + 6/12. What is the greatest common factor of d and p?
27
Suppose 23 + 5 = 4*k. Suppose i = -k + 11. Suppose i*x - 65 = -x + 2*t, -2*x = t - 35. Calculate the highest common divisor of 60 and x.
15
Let o = 176 - 172. Let i be (-4)/12 + 455/15. Suppose 54 = o*t - i. Calculate the highest common factor of t and 14.
7
Let b(f) = -37*f - 1065. Let x be b(-30). Let y = 21 - 12. What is the highest common factor of x and y?
9
Let d be (-9 - -3)/((-4)/52). Suppose -3*v - 5*w = -66 + 4, -5*v - 2*w + d = 0. Suppose 1008 = v*i - 8*i. What is the greatest common divisor of 21 and i?
21
Let p(y) = -72*y + 55. Let i be p(-12). Suppose 15*o + 19 = i. Let z = 288 - 198. What is the greatest common divisor of o and z?
30
Let s(z) = -z**3 + 21*z**2 + 353*z - 1. Let j be s(30). Calculate the greatest common divisor of 76 and j.
19
Suppose -424*a = -423*a - 3. Suppose 0 = -7*x + 4*x - 6, a*f - 489 = -3*x. Calculate the greatest common divisor of f and 275.
55
Let c = 643 + 14. Let y = c - 426. Let q be ((-3)/(-6)*2 + 2)*11. Calculate the greatest common factor of y and q.
33
Let a = 107 + -50. Suppose -4*o = -2 - 10. Suppose -35 = -o*r + 22. What is the highest common divisor of a and r?
19
Let h be -56 + (-3)/(-6) + (-3)/(-6). Let l = h - -47. Let x(v) = -v**3 - 10*v**2 - 21*v - 10. Let y be x(l). What is the greatest common factor of y and 6?
6
Let g(i) = 102*i + 1553. Let f be g(-10). What is the highest common factor of 328 and f?
41
Let m = -1418 + 1561. Calculate the greatest common factor of m and 44.
11
Suppose -19*b = -9147 - 2177. What is the highest common divisor of b and 1043?
149
Let g(j) = -31*j + 25. Let m be g(1). Let z(r) = r**2 + 11*r + 54. Let i be z(m). What is the greatest common divisor of 33 and i?
3
Let l be 1/3 + (-40)/(-6). Let y(s) = -12*s**3 + 28*s**2 + 135*s + 52. Let x be y(-4). Suppose -x = -l*z - z. What is the greatest common divisor of 13 and z?
13
Suppose -368368 = -82*y - 6*y - 0*y. Calculate the highest common factor of 230 and y.
46
Let f = 1792 + -417. What is the greatest common divisor of 11 and f?
11
Let c(q) = -5*q**3 - q + 2. Let g be c(-3). Let j be (-1 + 8)/((-4740)/(-675) - 7). Calculate the highest common divisor of g and j.
35
Suppose 0 = -3*v + 2*l + 882, 7*v + 2*l = 4*v + 894. Calculate the greatest common divisor of 1628 and v.
148
Let d be ((-24)/4)/((-66)/31042). Calculate the highest common factor of d and 68.
34
Let q(w) = -4*w - 6. Let y be q(-2). Suppose 3*x - y*c = 33 - 7, -2*x + 2*c + 16 = 0. What is the highest common factor of 10 and x?
10
Let h(q) = 27*q + 509. Let t be h(25). What is the highest common divisor of t and 160?
32
Let h(s) = 6*s + 210. Let u = 25 + -44. Let g be h(u). Calculate the highest common factor of g and 12.
12
Suppose -72*s + 392 = -65*s. Let j be 714/s*(-52)/(-3). Calculate the highest common divisor of 26 and j.
13
Suppose -2*v + 18 = y - 5, 0 = 3*v + y - 36. Let l be 78/4*76/114. What is the highest common divisor of v and l?
13
Let m be 1/(-7)*-28 + 0 + 0. What is the highest common factor of m and 356?
4
Let m = -364 + 338. Let t(g) = g**3 + 25*g**2 - 27*g - 21. Let o be t(m). Calculate the highest common divisor of 165 and o.
5
Let g(p) = 552*p - 229. Let i be g(1). What is the greatest common divisor of i and 51?
17
Suppose 3*u + 8*q = -2*u + 603, 5*u = -4*q + 599. Let j = -109 + u. Calculate the highest common factor of j and 15.
5
Let m(u) = -u**3 - 5*u**2 + u + 7. Let l be m(3). Let t = l + 96. What is the greatest common factor of 578 and t?
34
Suppose 2*n + 476 - 1694 = -5*i, 3*i - 729 = -3*n. Let q = -213 + i. Suppose -y + 87 = -37. What is the highest common factor of y and q?
31
Let q(c) be the third derivative of -7*c**4/6 + 31*c**3/6 + 2*c**2 + 144. Let h be q(-4). What is the highest common divisor of 26 and h?
13
Suppose v + 37 = 3*m + m, m = -4*v - 12. Suppose 15 = 5*t - 0*t. Suppose 4 = x, t*j - x + 5 = 25. Calculate the highest common divisor of j and m.
8
Suppose -3*p - 114 = -150. Suppose 15*g - 72 = p*g. Calculate the greatest common divisor of 468 and g.
12
Let r be -21*((-17)/(-3) - 6). Let o be (-2 + r - -1)*(-465)/(-62). Calculate the highest common divisor of 75 and o.
15
Let h = -6896 - -7402. What is the highest common divisor of h and 4?
2
Let f = -41 - -40. Let i be -28 + (-4 - (f + -7)) + 1. Let l(b) = b + 31. Let k be l(i). What is the highest common factor of 16 and k?
8
Suppose 9*b - 3587 = -2*b - 2399. What is the greatest common factor of b and 252?
36
Let p(l) = 0*l**2 - 6*l**2 + 7*l**2 - 26 + 28 + 23*l - 190. Let g be p(-35). What is the greatest common factor of 8 and g?
8
Suppose -s = 3*l - 10 - 22, -3*l = -5*s - 38. Suppose 0 = -661*j - 649*j + 446*j + 47520. Calculate the greatest common factor of l and j.
11
Suppose 2*z + 3*z - 220 = -5*p, -8 = -4*z. Let x(t) = 8*t + 47. Let k be x(2). What is the greatest common divisor of p and k?
21
Suppose 112*y - 56*y = -106*y + 355752. Calculate the highest common factor of 21 and y.
3
Let o = 2 - -2. Let m = -87 - 36. Let i = m - -135. Calculate the greatest common factor of i and o.
4
Let d(g) = g**2 + 8. Let f(j) = -j**2 - 12*j + 4. Suppose 6*a = -2*a - 96. Let h be f(a). Let p be d(h). Calculate the greatest common divisor of 36 and p.
12
Let r = 5886 + -5411. Calculate the highest common factor of r and 646.
19
Let i(k) = 8*k**3 - k**2 - 60*k + 62. Let j be i(1). Suppose -3*g + 12 = -87. What is the greatest common factor of j and g?
3
Let a be ((-1)/3)/((4/(-18))/2). Suppose -5*l = -5*b - 140, 0*b = -l - 4*b + a. What is the highest common factor of l and 207?
23
Let t be 438080/220 + 3/(-11). Calculate the greatest common divisor of 22 and t.
11
Suppose -28 = -a + 5. Suppose -4*l + a = 1. Let k(d) = 18*d - 34. Let i be k(3). Calculate the greatest common divisor of l and i.
4
Suppose 2*q = -19 + 65. Suppose -q*c = c - 1488. Calculate the greatest common factor of 279 and c.
31
Let m(d) = 5*d**2 - 2*d + 1. Let z be m(2). Let s = -197 + 522. Let j = s + -172. Calculate the greatest common factor of z and j.
17
Suppose -3*n = 5*q - 33 - 29, 0 = 3*n - 12. Calculate the greatest common factor of 45 and q.
5
Suppose -8 = 4*p - 120. Suppose p = 5*u + 4*y - 684, u - 3*y = 150. Suppose 4*a = 6*a - u. Calculate the highest common divisor of a and 9.
9
Let o be 390/(-25)*10/(-6) - -6. What is the greatest common factor of 3584 and o?
32
Suppose 10*a = 5*a + 25, -4*o + 1270 = 2*a. Suppose -62*b = -56*b - 1134. Calculate the greatest common divisor of b and o.
63
Let z(t) = t**3. Let k be z(0). Suppose -15*j - 11 - 4 = k. Let f be (-11)/(-9) + j - 12320/(-126). Calculate the greatest common factor of 28 and f.
14
Suppose -39*f + 50 = -1822. Calculate the highest common factor of 6288 and f.
48
Suppose 16*w = 11*w + 4*o + 30, 0 = -2*o. Calculate the greatest common factor of 4803 and w.
3
Let u(k) = -4*k**2 - 124*k - 154. L